{"id":39,"date":"2025-12-31T11:41:27","date_gmt":"2025-12-31T11:41:27","guid":{"rendered":"https:\/\/prepacanarias.com\/?page_id=39"},"modified":"2026-01-07T10:48:18","modified_gmt":"2026-01-07T10:48:18","slug":"politica-de-privacidad","status":"publish","type":"page","link":"https:\/\/prepacanarias.com\/index.php\/politica-de-privacidad\/","title":{"rendered":"Pol\u00edtica de privacidad"},"content":{"rendered":"\n\t<div id=\"gap-1868169140\" class=\"gap-element clearfix\" style=\"display:block; height:auto;\">\n\t\t\n<style>\n#gap-1868169140 {\n  padding-top: 30px;\n}\n<\/style>\n\t<\/div>\n\t\n\n<h2 data-start=\"167\" data-end=\"192\">POL\u00cdTICA DE PRIVACIDAD<\/h2>\n<p data-start=\"194\" data-end=\"523\">En cumplimiento de lo dispuesto en el Reglamento (UE) 2016\/679 del Parlamento Europeo y del Consejo (RGPD), as\u00ed como en la Ley Org\u00e1nica 3\/2018, de Protecci\u00f3n de Datos Personales y garant\u00eda de los derechos digitales (LOPDGDD), se informa a los usuarios sobre el tratamiento de sus datos personales a trav\u00e9s del presente sitio web.<\/p>\n<hr data-start=\"525\" data-end=\"528\" \/>\n<h3 data-start=\"530\" data-end=\"561\">RESPONSABLE DEL TRATAMIENTO<\/h3>\n<p data-start=\"563\" data-end=\"703\"><strong data-start=\"563\" data-end=\"575\">Titular:<\/strong> Prepacanarias S.L.<br data-start=\"594\" data-end=\"597\" \/><strong data-start=\"597\" data-end=\"605\">NIF:<\/strong> B23910110<br data-start=\"615\" data-end=\"618\" \/><strong data-start=\"618\" data-end=\"639\">Domicilio social:<\/strong><br data-start=\"639\" data-end=\"642\" \/>C\/ Mariano Jos\u00e9 de Larra, 30<br data-start=\"670\" data-end=\"673\" \/>CP 352014 \u2013 Telde (Las Palmas)<\/p>\n<p data-start=\"705\" data-end=\"767\"><strong data-start=\"705\" data-end=\"740\">Correo electr\u00f3nico de contacto:<\/strong><br data-start=\"740\" data-end=\"743\" \/><a class=\"decorated-link cursor-pointer\" rel=\"noopener\" data-start=\"743\" data-end=\"765\">info@prepacanarias.com<\/a><\/p>\n<p data-start=\"769\" data-end=\"811\"><strong data-start=\"769\" data-end=\"783\">Sitio web:<\/strong> <a class=\"decorated-link\" href=\"https:\/\/prepacanarias.com\" target=\"_new\" rel=\"noopener\" data-start=\"784\" data-end=\"809\">https:\/\/prepacanarias.com<\/a><\/p>\n<hr data-start=\"813\" data-end=\"816\" \/>\n<h3 data-start=\"818\" data-end=\"855\">DATOS PERSONALES QUE SE RECOPILAN<\/h3>\n<p data-start=\"857\" data-end=\"969\">A trav\u00e9s del sitio web se podr\u00e1n recopilar los siguientes datos personales, seg\u00fan el uso que realice el usuario:<\/p>\n<ul data-start=\"971\" data-end=\"1255\">\n<li data-start=\"971\" data-end=\"1015\">\n<p data-start=\"973\" data-end=\"1015\">Datos identificativos (nombre y apellidos)<\/p>\n<\/li>\n<li data-start=\"1016\" data-end=\"1049\">\n<p data-start=\"1018\" data-end=\"1049\">Direcci\u00f3n de correo electr\u00f3nico<\/p>\n<\/li>\n<li data-start=\"1050\" data-end=\"1135\">\n<p data-start=\"1052\" data-end=\"1135\">Datos acad\u00e9micos o profesionales, en caso de formularios relacionados con formaci\u00f3n<\/p>\n<\/li>\n<li data-start=\"1136\" data-end=\"1255\">\n<p data-start=\"1138\" data-end=\"1255\">Cualquier otro dato que el usuario facilite voluntariamente a trav\u00e9s de los formularios o mediante correo electr\u00f3nico<\/p>\n<\/li>\n<\/ul>\n<hr data-start=\"1257\" data-end=\"1260\" \/>\n<h3 data-start=\"1262\" data-end=\"1291\">FINALIDAD DEL TRATAMIENTO<\/h3>\n<p data-start=\"1293\" data-end=\"1387\">Los datos personales facilitados por el usuario ser\u00e1n tratados con las siguientes finalidades:<\/p>\n<ul data-start=\"1389\" data-end=\"1704\">\n<li data-start=\"1389\" data-end=\"1474\">\n<p data-start=\"1391\" data-end=\"1474\">Gestionar consultas o solicitudes de informaci\u00f3n realizadas a trav\u00e9s del sitio web.<\/p>\n<\/li>\n<li data-start=\"1475\" data-end=\"1528\">\n<p data-start=\"1477\" data-end=\"1528\">Gestionar la prestaci\u00f3n de los servicios ofrecidos.<\/p>\n<\/li>\n<li data-start=\"1529\" data-end=\"1653\">\n<p data-start=\"1531\" data-end=\"1653\">Enviar comunicaciones informativas relacionadas con los servicios, siempre que el usuario haya otorgado su consentimiento.<\/p>\n<\/li>\n<li data-start=\"1654\" data-end=\"1704\">\n<p data-start=\"1656\" data-end=\"1704\">Cumplir con las obligaciones legales aplicables.<\/p>\n<\/li>\n<\/ul>\n<hr data-start=\"1706\" data-end=\"1709\" \/>\n<h3 data-start=\"1711\" data-end=\"1760\">LEGITIMACI\u00d3N PARA EL TRATAMIENTO DE LOS DATOS<\/h3>\n<p data-start=\"1762\" data-end=\"1812\">La base legal para el tratamiento de los datos es:<\/p>\n<ul data-start=\"1814\" data-end=\"2038\">\n<li data-start=\"1814\" data-end=\"1918\">\n<p data-start=\"1816\" data-end=\"1918\">El consentimiento del usuario, otorgado mediante la aceptaci\u00f3n expresa de esta Pol\u00edtica de Privacidad.<\/p>\n<\/li>\n<li data-start=\"1919\" data-end=\"1961\">\n<p data-start=\"1921\" data-end=\"1961\">El cumplimiento de obligaciones legales.<\/p>\n<\/li>\n<li data-start=\"1962\" data-end=\"2038\">\n<p data-start=\"1964\" data-end=\"2038\">La ejecuci\u00f3n de una relaci\u00f3n precontractual o contractual, cuando proceda.<\/p>\n<\/li>\n<\/ul>\n<hr data-start=\"2040\" data-end=\"2043\" \/>\n<h3 data-start=\"2045\" data-end=\"2074\">CONSERVACI\u00d3N DE LOS DATOS<\/h3>\n<p data-start=\"2076\" data-end=\"2271\">Los datos personales se conservar\u00e1n durante el tiempo estrictamente necesario para cumplir con la finalidad para la que fueron recabados y, posteriormente, durante los plazos legalmente exigidos.<\/p>\n<hr data-start=\"2273\" data-end=\"2276\" \/>\n<h3 data-start=\"2278\" data-end=\"2308\">DESTINATARIOS DE LOS DATOS<\/h3>\n<p data-start=\"2310\" data-end=\"2610\">No se ceder\u00e1n datos personales a terceros, salvo obligaci\u00f3n legal o cuando sea necesario para la correcta prestaci\u00f3n del servicio (proveedores tecnol\u00f3gicos, servicios de hosting, plataformas de correo electr\u00f3nico), con los que se han suscrito los correspondientes contratos de encargo de tratamiento.<\/p>\n<hr data-start=\"2612\" data-end=\"2615\" \/>\n<h3 data-start=\"2617\" data-end=\"2645\">DERECHOS DE LOS USUARIOS<\/h3>\n<p data-start=\"2647\" data-end=\"2674\">El usuario tiene derecho a:<\/p>\n<ul data-start=\"2676\" data-end=\"2888\">\n<li data-start=\"2676\" data-end=\"2708\">\n<p data-start=\"2678\" data-end=\"2708\">Acceder a sus datos personales<\/p>\n<\/li>\n<li data-start=\"2709\" data-end=\"2741\">\n<p data-start=\"2711\" data-end=\"2741\">Rectificar los datos inexactos<\/p>\n<\/li>\n<li data-start=\"2742\" data-end=\"2779\">\n<p data-start=\"2744\" data-end=\"2779\">Solicitar la supresi\u00f3n de sus datos<\/p>\n<\/li>\n<li data-start=\"2780\" data-end=\"2821\">\n<p data-start=\"2782\" data-end=\"2821\">Solicitar la limitaci\u00f3n del tratamiento<\/p>\n<\/li>\n<li data-start=\"2822\" data-end=\"2847\">\n<p data-start=\"2824\" data-end=\"2847\">Oponerse al tratamiento<\/p>\n<\/li>\n<li data-start=\"2848\" data-end=\"2888\">\n<p data-start=\"2850\" data-end=\"2888\">Solicitar la portabilidad de los datos<\/p>\n<\/li>\n<\/ul>\n<p data-start=\"2890\" data-end=\"3046\">Podr\u00e1 ejercer estos derechos enviando una solicitud expresa junto con copia de su documento identificativo al correo electr\u00f3nico <strong data-start=\"3019\" data-end=\"3045\"><a class=\"decorated-link cursor-pointer\" rel=\"noopener\" data-start=\"3021\" data-end=\"3043\">info@prepacanarias.com<\/a><\/strong>.<\/p>\n<hr data-start=\"3048\" data-end=\"3051\" \/>\n<h3 data-start=\"3053\" data-end=\"3077\">MEDIDAS DE SEGURIDAD<\/h3>\n<p data-start=\"3079\" data-end=\"3293\">Prepacanarias S.L. adopta las medidas t\u00e9cnicas y organizativas necesarias para garantizar la seguridad, integridad y confidencialidad de los datos personales, evitando su p\u00e9rdida, alteraci\u00f3n o acceso no autorizado.<\/p>\n<hr data-start=\"3295\" data-end=\"3298\" \/>\n<h3 data-start=\"3300\" data-end=\"3347\">MODIFICACIONES DE LA POL\u00cdTICA DE PRIVACIDAD<\/h3>\n<p data-start=\"3349\" data-end=\"3562\">Prepacanarias S.L. se reserva el derecho a modificar la presente Pol\u00edtica de Privacidad para adaptarla a novedades legislativas o jurisprudenciales. En dichos casos, se anunciar\u00e1n los cambios en esta misma p\u00e1gina.<\/p>\n<hr data-start=\"3564\" data-end=\"3567\" \/>\n<h3 data-start=\"3569\" data-end=\"3593\">AUTORIDAD DE CONTROL<\/h3>\n<p data-start=\"3595\" data-end=\"3817\">En caso de considerar que el tratamiento de sus datos personales vulnera la normativa vigente, el usuario puede presentar una reclamaci\u00f3n ante la <strong data-start=\"3741\" data-end=\"3791\">Agencia Espa\u00f1ola de Protecci\u00f3n de Datos (AEPD)<\/strong> a trav\u00e9s de su sitio web.<\/p>\n\n","protected":false},"excerpt":{"rendered":"","protected":false},"author":1,"featured_media":0,"parent":0,"menu_order":0,"comment_status":"closed","ping_status":"closed","template":"","meta":{"footnotes":""},"class_list":["post-39","page","type-page","status-publish","hentry"],"_links":{"self":[{"href":"https:\/\/prepacanarias.com\/index.php\/wp-json\/wp\/v2\/pages\/39","targetHints":{"allow":["GET"]}}],"collection":[{"href":"https:\/\/prepacanarias.com\/index.php\/wp-json\/wp\/v2\/pages"}],"about":[{"href":"https:\/\/prepacanarias.com\/index.php\/wp-json\/wp\/v2\/types\/page"}],"author":[{"embeddable":true,"href":"https:\/\/prepacanarias.com\/index.php\/wp-json\/wp\/v2\/users\/1"}],"replies":[{"embeddable":true,"href":"https:\/\/prepacanarias.com\/index.php\/wp-json\/wp\/v2\/comments?post=39"}],"version-history":[{"count":2,"href":"https:\/\/prepacanarias.com\/index.php\/wp-json\/wp\/v2\/pages\/39\/revisions"}],"predecessor-version":[{"id":188,"href":"https:\/\/prepacanarias.com\/index.php\/wp-json\/wp\/v2\/pages\/39\/revisions\/188"}],"wp:attachment":[{"href":"https:\/\/prepacanarias.com\/index.php\/wp-json\/wp\/v2\/media?parent=39"}],"curies":[{"name":"wp","href":"https:\/\/api.w.org\/{rel}","templated":true}]}}